10
9
Convert -bb (base 14) to base 3.
-20010
-1001 (base 2) to base 5
-14
-c (base 15) to base 16
-c
Convert 1 (base 16) to base 14.
1
What is -100 (base 2) in base 7?
-4
Convert -5a (base 14) to base 9.
-88
Convert 4 (base 11) to base 8.
4
What is 3 (base 14) in base 3?
10
Convert 1003 (base 4) to base 10.
67
-8 (base 10) to base 9
-8
What is -3 (base 12) in base 16?
-3
18 (base 11) to base 4
103
What is -78 (base 13) in base 9?
-120
Convert -5 (base 6) to base 8.
-5
-10 (base 3) to base 6
-3
Convert 14 (base 15) to base 5.
34
What is -8c (base 14) in base 10?
-124
Convert 2 (base 7) to base 15.
2
-101101 (base 2) to base 4
-231
Convert 0 (base 15) to base 7.
0
Convert -1 (base 7) to base 13.
-1
33 (base 5) to base 16
12
What is 2 (base 11) in base 8?
2
What is -18 (base 12) in base 7?
-26
-2 (base 4) to base 13
-2
1 (base 7) to base 15
1
-1b3 (base 16) to base 12
-303
Convert 100 (base 2) to base 5.
4
360 (base 8) to base 14
132
What is -41 (base 7) in base 3?
-1002
10010 (base 2) to base 15
13
What is -39 (base 16) in base 3?
-2010
What is 4 (base 8) in base 3?
11
Convert 1 (base 2) to base 7.
1
-40 (base 16) to base 5
-224
66 (base 13) to base 5
314
Convert -4 (base 13) to base 9.
-4
Convert -29 (base 10) to base 7.
-41
What is -10a (base 14) in base 11?
-178
Convert 16 (base 8) to base 12.
12
-36 (base 9) to base 2
-100001
What is -3 (base 16) in base 14?
-3
-252 (base 9) to base 3
-21202
220 (base 3) to base 16
18
-8 (base 15) to base 3
-22
What is -2 (base 7) in base 6?
-2
Convert -4 (base 5) to base 6.
-4
145 (base 7) to base 4
1102
What is 313 (base 4) in base 3?
2001
What is 11b (base 15) in base 3?
100022
1 (base 2) to base 10
1
Convert -34 (base 12) to base 15.
-2a
-16 (base 10) to base 11
-15
What is -93 (base 12) in base 9?
-133
What is 13 (base 12) in base 15?
10
What is -3 (base 10) in base 16?
-3
82 (base 9) to base 16
4a
What is 0 (base 8) in base 4?
0
Convert 210 (base 6) to base 5.
303
What is -c3 (base 14) in base 4?
-2223
Convert 6 (base 13) to base 7.
6
Convert 5 (base 10) to base 6.
5
Convert -57 (base 16) to base 4.
-1113
Convert -11 (base 3) to base 14.
-4
Convert -5 (base 11) to base 10.
-5
What is -1a (base 12) in base 2?
-10110
What is -10 (base 15) in base 2?
-1111
Convert 147 (base 8) to base 4.
1213
Convert 1f (base 16) to base 9.
34
0 (base 14) to base 9
0
Convert 32 (base 4) to base 9.
15
What is -1 (base 8) in base 9?
-1
-4 (base 11) to base 8
-4
What is 2 (base 5) in base 7?
2
-26 (base 10) to base 11
-24
Convert -113 (base 4) to base 10.
-23
What is -1 (base 7) in base 2?
-1
Convert -1 (base 13) to base 3.
-1
What is -1a (base 14) in base 5?
-44
-44 (base 8) to base 15
-26
11 (base 16) to base 4
101
-15 (base 14) to base 12
-17
-20 (base 3) to base 7
-6
111 (base 3) to base 7
16
Convert 0 (base 15) to base 4.
0
-10001111 (base 2) to base 3
-12022
0 (base 5) to base 16
0
Convert 0 (base 13) to base 6.
0
-4 (base 5) to base 9
-4
What is -34 (base 5) in base 12?
-17
Convert -100110 (base 3) to base 16.
-ff
-114 (base 6) to base 16
-2e
Convert -c8 (base 15) to base 13.
-116
Convert 1 (base 8) to base 3.
1
What is 8 (base 15) in base 9?
8
What is -3 (base 9) in base 12?
-3
-11 (base 2) to base 15
-3
15 (base 15) to base 12
18
What is -262 (base 7) in base 13?
-ac
-1 (base 7) to base 16
-1
Convert -35 (base 11) to base 10.
-38
-177 (base 16) to base 4
-11313
13 (base 5) to base 11
8
-6 (base 8) to base 2
-110
What is -3 (base 9) in base 3?
-10
-11000 (base 3) to base 9
-130
What is 10 (base 7) in base 5?
12
Convert 21 (base 11) to base 10.
23
Convert -251 (base 7) to base 6.
-342
What is 0 (base 2) in base 11?
0
-144 (base 13) to base 7
-441
425 (base 7) to base 10
215
Convert -411 (base 6) to base 9.
-177
What is -111 (base 6) in base 16?
-2b
-36 (base 10) to base 16
-24
What is -4 (base 7) in base 6?
-4
Convert 100 (base 3) to base 5.
14
What is 5 (base 12) in base 10?
5
210 (base 4) to base 11
33
12 (base 11) to base 2
1101
-14 (base 8) to base 10
-12
What is -2 (base 8) in base 6?
-2
Convert -12202 (base 3) to base 8.
-233
What is -14 (base 13) in base 11?
-16
-2 (base 7) to base 15
-2
-112 (base 4) to base 10
-22
-111 (base 2) to base 7
-10
45 (base 13) to base 16
39
What is 8 (base 11) in base 8?
10
What is 1430 (base 5) in base 12?
180
Convert -33 (base 6) to base 5.
-41
What is -e (base 16) in base 15?
-e
Convert -40 (base 5) to base 12.
-18
6 (base 12) to base 9
6
Convert 17 (base 10) to base 4.
101
-6 (base 9) to base 13
-6
What is 100 (base 4) in base 16?
10
Convert 3 (base 11) to base 15.
3
Convert 8 (base 12) to base 4.
20
22 (base 8) to base 4
102
2 (base 5) to base 8
2
Convert -22 (base 4) to base 7.
-13
What is -3 (base 11) in base 13?
-3
-10 (base 15) to base 16
-f
What is -111 (base 2) in base 8?
-7
Convert -2 (base 15) to base 4.
-2
5 (base 12) to base 13
5
Convert -c (base 13) to base 10.
-12
1 (base 3) to base 8
1
What is b (base 14) in base 2?
1011
Convert -102 (base 3) to base 13.
-b
46 (base 14) to base 16
3e
-275 (base 8) to base 11
-162
Convert 9 (base 12) to base 16.
9
0 (base 11) to base 9
0
What is -7 (base 13) in base 5?
-12
1110 (base 2) to base 12
12
Convert 34 (base 10) to base 5.
114
What is 11 (base 2) in base 7?
3
-3 (base 12) to base 14
-3
What is 0 (base 8) in base 5?
0
Convert -3 (base 9) to base 5.
-3
What is 2 (base 8) in base 5?
2
1 (base 3) to base 12
1
42 (base 5) to base 15
17
-5 (base 11) to base 5
-10
63 (base 15) to base 5
333
-1 (base 3) to base 11
-1
What is 50 (base 7) in base 14?
27
Convert 3 (base 12) to base 6.
3
What is 3102 (base 4) in base 11?
181
What is -13 (base 10) in base 12?
-11
-37 (base 16) to base 13
-43
What is 34 (base 5) in base 14?
15
Convert 4 (base 5) to base 12.
4
Convert 33 (base 7) to base 9.
26
Convert 66 (base 7) to base 12.
40
10110001 (base 2) to base 5
1202
What is -c9 (base 14) in base 11?
-151
0 (base 8) to base 6
0
12 (base 10) to base 16
c
Convert -4 (base 9) to base 3.
-11
3 (base 14) to base 7
3
Convert 143 (base 9) to base 10.
120
-122 (base 4) to base 15
-1b
What is 433 (base 5) in base 12?
9a
1 (base 9) to base 5
1
Convert 3 (base 16) to base 15.
3
-10 (base 16) to base 12
-14
What is 123 (base 8) in base 16?
53
What is -112 (base 5) in base 6?
-52
Convert 10 (base 2) to base 12.
2
135 (base 7) to base 12
63
Convert 14 (base 11) to base 7.
21
11 (base 4) to base 12
5
Convert -11 (base 11) to base 7.
-15
-313 (base 5) to base 7
-146
What is 453 (base 7) in base 15?
109
Convert 1 (base 15) to base 6.
1
Convert -3 (base 16) to base 8.
-3
0 (base 12) to base 5
0
Convert -2 (base 7) to base 15.
-2
Convert 17d (base 15) to base 13.
205
Convert -10 (base 4) to base 3.
-11
What is -2 (base 13) in base 2?
-10
-16 (base 16) to base 9
-24
Convert -10 (base 3) to base 12.
-3
-12 (base 5) to base 2
-111
What is 10000011 (base 2) in base 16?
83
11 (base 7) to base 8
10
-11 (base 2) to base 13
-3
-25 (base 15) to base 12
-2b
What is -4 (base 7) in base 13?
-4
-1 (base 3) to base 14
-1
Convert 27 (base 8) to base 7.
32
-3 (base 9) to base 11
-3
Convert -112 (base 5) to base 16.
-20
-a (base 16) to base 4
-22
-6 (base 16) to base 3
-20
-2 (base 10) to base 12
-2
-2 (base 16) to base 7
-2
Convert 1 (base 9) to base 10.
1
What is -1 (base 12) in base 14?
-1
Convert -107 (base 13) to base 9.
-215
Convert -13 (base 12) to base 13.
-12
Convert -5 (base 15) to base 2.
-101
What is 19 (base 10) in base 16?
13
-11 (base 4) to base 12
-5
Convert -1001 (base 2) to base 8.
-11
Convert -51 (base 8) to base 3.
-1112
-252 (base 10) to base 11
-20a
2002 (base 3) to base 8
70
What is -22 (base 10) in base 13?
-19
Convert -3111 (base 4) to base 11.
-184
Convert -4 (base 12) to base 11.
-4
What is 7 (base 13) in base 9?
7
Convert -210 (base 5) to base 13.
-43
What is 194 (base 10) in base 16?
c2
32 (base 12) to base 2
100110
What is 1010001 (base 2) in base 15?
56
What is 13 (base 14) in base 2?
10001
Convert -76 (base 12) to base 14.
-66
What is 10001000 (base 2) in base 11?
114
What is 20 (base 6) in base 3?
110
1 (base 8) to base 16
1
-21 (base 3) to base 7
-10
Convert -202 (base 4) to base 11.
-31
Convert 20 (base 7) to base 16.
e
What is -22 (base 3) in base 8?
-10
Convert 21 (base 4) to base 15.
9
What is -23 (base 4) in base 14?
-b
Convert 2d (base